se
Is 51 a factor of 28407?
True
Is 9 a factor of 76?
False
Is 40 a factor of 1105?
False
Is 1488 a multiple of 8?
True
Does 9 divide 549?
True
Does 133 divide 5392?
False
Is 5 a factor of 1117?
False
Is 7217 a multiple of 62?
False
Does 8 divide 20?
False
Is 2012 a multiple of 90?
False
Is 5 a factor of 8198?
False
Is 362 a multiple of 23?
False
Does 13 divide 4342?
True
Is 890 a multiple of 5?
True
Is 10209 a multiple of 3?
True
Is 21819 a multiple of 21?
True
Does 67 divide 4460?
False
Is 36 a factor of 6528?
False
Does 9 divide 603?
True
Is 51277 a multiple of 47?
True
Is 238 a multiple of 14?
True
Does 4 divide 201?
False
Is 1596 a multiple of 21?
True
Is 996 a multiple of 8?
False
Is 14 a factor of 7164?
False
Is 14 a factor of 17514?
True
Is 702 a multiple of 13?
True
Is 58419 a multiple of 6?
False
Does 58 divide 2489?
False
Is 1969 a multiple of 12?
False
Is 3 a factor of 3?
True
Is 21 a factor of 3360?
True
Is 224 a multiple of 3?
False
Is 10 a factor of 2003?
False
Does 9 divide 1278?
True
Does 17 divide 2907?
True
Is 64 a factor of 19968?
True
Does 37 divide 481?
True
Does 3 divide 822?
True
Is 52 a factor of 2103?
False
Is 3430 a multiple of 39?
False
Does 14 divide 11691?
False
Is 5 a factor of 790?
True
Is 2 a factor of 231?
False
Is 269 a multiple of 4?
False
Does 12 divide 18036?
True
Is 57 a factor of 7467?
True
Is 1346 a multiple of 6?
False
Is 10009 a multiple of 14?
False
Is 57834 a multiple of 21?
True
Is 236 a multiple of 29?
False
Does 10 divide 540?
True
Is 199 a factor of 101343?
False
Is 5873 a multiple of 7?
True
Is 50 a factor of 1050?
True
Is 10 a factor of 398?
False
Is 48720 a multiple of 203?
True
Does 18 divide 522?
True
Is 624 a multiple of 8?
True
Does 43 divide 1189?
False
Does 98 divide 6174?
True
Is 7 a factor of 154?
True
Is 31 a factor of 475?
False
Is 6600 a multiple of 25?
True
Is 14761 a multiple of 7?
False
Is 2178 a multiple of 121?
True
Is 2775 a multiple of 5?
True
Is 14 a factor of 36294?
False
Is 4432 a multiple of 15?
False
Does 4 divide 3576?
True
Is 10 a factor of 35847?
False
Does 122 divide 8994?
False
Is 13 a factor of 1027?
True
Does 9 divide 84291?
False
Is 548 a multiple of 6?
False
Is 61 a factor of 17350?
False
Is 122 a multiple of 12?
False
Is 222 a factor of 10656?
True
Does 112 divide 30576?
True
Is 4890 a multiple of 10?
True
Is 890 a multiple of 5?
True
Is 11 a factor of 968?
True
Is 38 a factor of 1102?
True
Does 47 divide 93?
False
Is 5 a factor of 904?
False
Is 5216 a multiple of 17?
False
Is 1160 a multiple of 66?
False
Does 2 divide 5768?
True
Is 3210 a multiple of 14?
False
Is 7896 a multiple of 12?
True
Does 14 divide 40782?
True
Does 5 divide 429?
False
Is 360 a multiple of 9?
True
Is 18840 a multiple of 20?
True
Is 39830 a multiple of 120?
False
Is 18 a factor of 2088?
True
Is 39 a factor of 1170?
True
Is 16 a factor of 66626?
False
Is 12 a factor of 96180?
True
Does 9 divide 59?
False
Is 4 a factor of 146?
False
Does 56 divide 1259?
False
Is 5435 a multiple of 15?
False
Is 12 a factor of 297?
False
Is 92 a multiple of 7?
False
Is 26 a factor of 182?
True
Is 24816 a multiple of 24?
True
Is 17 a factor of 5896?
False
Does 5 divide 1551?
False
Does 33 divide 363?
True
Is 1100 a multiple of 55?
True
Is 20 a factor of 740?
True
Is 23 a factor of 3933?
True
Is 1710 a multiple of 15?
True
Is 22 a factor of 10786?
False
Is 1542 a multiple of 58?
False
Does 16 divide 30086?
False
Is 675 a multiple of 27?
True
Is 352 a multiple of 16?
True
Is 16414 a multiple of 8?
False
Is 12 a factor of 2904?
True
Is 42 a factor of 1134?
True
Is 24860 a multiple of 5?
True
Does 43 divide 7396?
True
Is 760 a multiple of 76?
True
Is 49424 a multiple of 110?
False
Does 259 divide 42735?
True
Is 37 a factor of 1961?
True
Is 14 a factor of 2218?
False
Is 46 a factor of 65918?
True
Is 2251 a multiple of 116?
False
Is 22 a factor of 22?
True
Is 14 a factor of 5765?
False
Does 28 divide 41141?
False
Is 190 a multiple of 26?
False
Is 27 a factor of 211?
False
Is 145 a factor of 58411?
False
Is 7 a factor of 616?
True
Does 19 divide 608?
True
Is 4594 even?
True
Is 35 a factor of 25970?
True
Is 120 a factor of 8640?
True
Is 405 a multiple of 23?
False
Is 4 a multiple of 3?
False
Does 124 divide 4464?
True
Does 15 divide 522?
False
Is 1928 a multiple of 66?
False
Does 171 divide 68571?
True
Is 8 a factor of 14120?
True
Is 706 a multiple of 86?
False
Is 58551 a multiple of 24?
False
Is 19 a multiple of 17?
False
Is 1151 a multiple of 4?
False
Is 14569 a multiple of 17?
True
Is 306 a multiple of 34?
True
Does 37 divide 2997?
True
Does 30 divide 3840?
True
Does 10 divide 98?
False
Is 48 a factor of 26592?
True
Does 11 divide 23628?
True
Is 20 a factor of 3300?
True
Is 561 a multiple of 17?
True
Is 2 a factor of 32?
True
Is 98 even?
True
Does 46 divide 35851?
False
Does 41 divide 2583?
True
Is 22 a factor of 3014?
True
Is 162 a factor of 11013?
False
Does 38 divide 19988?
True
Is 91 a factor of 50111?
False
Is 46 a factor of 42458?
True
Does 11 divide 4258?
False
Does 15 divide 2565?
True
Does 8 divide 5840?
True
Is 6 a factor of 3894?
True
Does 68 divide 1768?
True
Is 99 a factor of 9242?
False
Is 735 a multiple of 15?
True
Does 37 divide 7732?
False
Is 54 a multiple of 18?
True
Is 2513 a multiple of 88?
False
Is 10725 a multiple of 75?
True
Is 35925 a multiple of 75?
True
Is 370 a multiple of 10?
True
Is 800 a multiple of 8?
True
Does 33 divide 2013?
True
Does 24 divide 2788?
False
Is 64704 a multiple of 64?
True
Is 18716 a multiple of 4?
True
Is 4 a factor of 496?
True
Is 494 a factor of 29267?
False
Is 27 a factor of 243?
True
Does 49 divide 735?
True
Does 30 divide 72660?
True
Does 141 divide 19427?
False
Does 79 divide 63674?
True
Is 42 a factor of 1259?
False
Does 43 divide 4930?
False
Is 150 a factor of 3150?
True
Is 315 a multiple of 63?
True
Does 22 divide 309?
False
Is 38 a factor of 3278?
False
Is 188 a multiple of 10?
False
Does 9 divide 5339?
False
Is 16 a factor of 32176?
True
Does 15 divide 156?
False
Does 8 divide 7912?
True
Is 4167 a multiple of 50?
False
Is 10 a factor of 20610?
True
Is 20000 a multiple of 200?
True
Is 2 a factor of 1240?
True
Is 8242 even?
True
Does 12 divide 2928?
True
Is 36 a factor of 8674?
False
Is 11 a factor of 352?
True
Does 5 divide 176?
False
Is 38 a factor of 418?
True
Is 74 a factor of 148?
True
Is 2196 a multiple of 12?
True
Is 55 a factor of 2950?
False
Does 48 divide 76740?
False
Is 8 a factor of 183?
False
Is 64 a multiple of 8?
True
Is 122 a factor of 17823?
False
Does 55 divide 26935?
False
Does 57 divide 1795?
False
Is 12 a factor of 12756?
True
Does 31 divide 3596?
True
Is 920 a multiple of 40?
True
Is 31878 a multiple of 46?
True
Is 15 even?
False
Is 535 a multiple of 5?
True
Does 18 divide 262?
False
Is 18711 a multiple of 9?
True
Does 4 divide 9746?
False
Does 85 divide 680?
True
Does 7 divide 2982?
True
Is 2109 a multiple of 196?
False
Is 12 a factor of 4133?
False
Is 116 a factor of 3364?
True
Is 34 a factor of 36788?
True
Is 307 a multiple of 20?
False
Is 691 a multiple of 7?
False
Is 40600 a multiple of 280?
True
Is 380 a multiple of 4?
True
Is 27 a factor of 5643?
True
Is 9 a factor of 37?
False
Does 10 divide 2640?
True
Is 1275 a multiple of 85?
True
Is 21706 a multiple of 16?
False
Is 22 a factor of 506?
True
Is 36914 a multiple of 135?
False
Is 16 a factor of 27200?
True
Is 14 a factor of 1288?
True
Is 7600 a multiple of 115?
False
Does 48 divide 409?
False
Is 6052 a multiple of 17?
True
Does 202 divide 2771?
False
Is 114 a factor of 1710?
True
Is 3 a factor of 2529?
True
Does 18 divide 6758?
False
Is 10 a factor of 2380?
True
Is 268 a multiple of 67?
True
Is 4536 a multiple of 10?
False
Does 14 divide 15778?
True
Does 18 divide 379?
False
Is 558 a multiple of 9?
True
Is 4 a factor of 2594?
False
Is 14 a factor of 10607?
False
Is 13 a factor of 91?
True
Is 16975 a multiple of 21?
False
Is 163 a factor of 10758?
True
Does 9 divide 1502?
False
Is 158 a factor of 12798?
True
Does 63 divide 1114?
False
Is 10252 a multiple of 11?
True
Does 78 divide 69472?
False
Is 150 a multiple of 3?
True
Does 6 divide 6371?
False
Does 19 divide 6495?
False
Is 11232 a multiple of 54?
True
Is 12 a factor of 5496?
True
Does 20 divide 2536?
False
Is 40 a factor